{"id":282,"date":"2021-07-09T11:40:30","date_gmt":"2021-07-09T09:40:30","guid":{"rendered":"https:\/\/www.comiclown.be\/?page_id=282"},"modified":"2021-07-07T14:28:41","modified_gmt":"2021-07-07T12:28:41","slug":"cani-clown","status":"publish","type":"page","link":"https:\/\/www.comiclown.be\/?page_id=282","title":{"rendered":"Cani-Clown"},"content":{"rendered":"\t\t<div data-elementor-type=\"wp-page\" data-elementor-id=\"282\" class=\"elementor elementor-282\">\n\t\t\t\t\t\t<section class=\"elementor-section elementor-top-section elementor-element elementor-element-6ce3f8d elementor-section-boxed elementor-section-height-default elementor-section-height-default\" data-id=\"6ce3f8d\" data-element_type=\"section\" data-settings=\"{&quot;background_background&quot;:&quot;classic&quot;}\">\n\t\t\t\t\t\t\t<div class=\"elementor-background-overlay\"><\/div>\n\t\t\t\t\t\t\t<div class=\"elementor-container elementor-column-gap-default\">\n\t\t\t\t\t<div class=\"elementor-column elementor-col-100 elementor-top-column elementor-element elementor-element-60a0f51\" data-id=\"60a0f51\" data-element_type=\"column\">\n\t\t\t<div class=\"elementor-widget-wrap elementor-element-populated\">\n\t\t\t\t\t\t<section class=\"elementor-section elementor-inner-section elementor-element elementor-element-5d205aa elementor-section-boxed elementor-section-height-default elementor-section-height-default\" data-id=\"5d205aa\" data-element_type=\"section\">\n\t\t\t\t\t\t<div class=\"elementor-container elementor-column-gap-default\">\n\t\t\t\t\t<div class=\"elementor-column elementor-col-100 elementor-inner-column elementor-element elementor-element-f856198\" data-id=\"f856198\" data-element_type=\"column\">\n\t\t\t<div class=\"elementor-widget-wrap elementor-element-populated\">\n\t\t\t\t\t\t<div class=\"elementor-element elementor-element-ba7dc03 elementor-widget elementor-widget-heading\" data-id=\"ba7dc03\" data-element_type=\"widget\" data-widget_type=\"heading.default\">\n\t\t\t\t<div class=\"elementor-widget-container\">\n\t\t\t<h1 class=\"elementor-heading-title elementor-size-default\">Cani-Clown<\/h1>\t\t<\/div>\n\t\t\t\t<\/div>\n\t\t\t\t\t<\/div>\n\t\t<\/div>\n\t\t\t\t\t<\/div>\n\t\t<\/section>\n\t\t\t\t\t<\/div>\n\t\t<\/div>\n\t\t\t\t\t<\/div>\n\t\t<\/section>\n\t\t\t\t<section class=\"elementor-section elementor-top-section elementor-element elementor-element-c09c635 elementor-section-boxed elementor-section-height-default elementor-section-height-default\" data-id=\"c09c635\" data-element_type=\"section\">\n\t\t\t\t\t\t<div class=\"elementor-container elementor-column-gap-default\">\n\t\t\t\t\t<div class=\"elementor-column elementor-col-50 elementor-top-column elementor-element elementor-element-4379697\" data-id=\"4379697\" data-element_type=\"column\">\n\t\t\t<div class=\"elementor-widget-wrap elementor-element-populated\">\n\t\t\t\t\t\t<div class=\"elementor-element elementor-element-81f7b20 elementor-widget elementor-widget-text-editor\" data-id=\"81f7b20\" data-element_type=\"widget\" data-widget_type=\"text-editor.default\">\n\t\t\t\t<div class=\"elementor-widget-container\">\n\t\t\t\t\t\t\t<div id=\"u341-39\" class=\"clearfix grpelem\"><h3>Un tout nouveau projet !<\/h3><p>Depuis P\u00e2ques 2005, Comi-Clown a mis sur pied un tout nouveau projet : une visite hebdomadaire, en service p\u00e9diatrie, d&#8217;un Clown accompagn\u00e9 de son chien.<\/p><p>&#8220;Mouche&#8221; est notre premier Cani-Clown. C&#8217;est un chien crois\u00e9 labrador &#8211; griffon.<\/p><p><strong>Pourquoi un chien \u00e0 l&#8217;h\u00f4pital ?<\/strong><\/p><p>Comme tout le monde le sait, le chien est le meilleur ami de l&#8217;homme.<\/p><p>Le chien apporte un contact affectif aux enfants. La visite du Cani-Clown a \u00e9galement un but p\u00e9dagogique : en effet, le clown apprend aux enfants comment se comporter avec un chien et leur explique les besoins d&#8217;un chien. Le chien n&#8217;est pas une peluche ni un jouet.<\/p><p>Comi-Clown collabore avec des h\u00f4pitaux, des toiletteurs, des v\u00e9t\u00e9rinaires et des personnes ayant un chien sympa, gentil et n&#8217;ayant pas peur des visages inconnus. Pour le projet Cani-Clown, l&#8217;association travaille avec deux v\u00e9t\u00e9rinaires : le Dr Sophie Lefebvre et le Dr Pascal Ittelet. Tous deux s&#8217;occupent de la s\u00e9lection du chien. Ils ont \u00e9galement mis sur pied le programme \u00e0 enseigner aux enfants.<\/p><h3 id=\"u349-21\">Comment devenir Cani-Clown ?<\/h3><p>Afin de pouvoir promouvoir notre programme Cani-Clown, nous recherchons des b\u00e9n\u00e9voles (humains et chiens) dans toutes les r\u00e9gions de Belgique, d\u00e9sireux de devenir Comi-Clown (et Cani-Clown). Le chien doit avoir minimum 2 ans et doit avoir suivi (et r\u00e9ussi) des cours de sociabilit\u00e9 Saint-Hubert.<\/p><p>Le Cani-Clown peut \u00eatre un gentil corniaud et ne doit pas poss\u00e9der des lettres de noblesse pour \u00eatre agr\u00e9\u00e9.<\/p><\/div><div id=\"u342-5\" class=\"pointer_cursor clearfix grpelem\">\u00a0<\/div>\t\t\t\t\t\t<\/div>\n\t\t\t\t<\/div>\n\t\t\t\t\t<\/div>\n\t\t<\/div>\n\t\t\t\t<div class=\"elementor-column elementor-col-50 elementor-top-column elementor-element elementor-element-0b9022c\" data-id=\"0b9022c\" data-element_type=\"column\">\n\t\t\t<div class=\"elementor-widget-wrap elementor-element-populated\">\n\t\t\t\t\t\t<div class=\"elementor-element elementor-element-6043080 elementor-widget elementor-widget-image\" data-id=\"6043080\" data-element_type=\"widget\" data-widget_type=\"image.default\">\n\t\t\t\t<div class=\"elementor-widget-container\">\n\t\t\t\t\t\t\t\t\t\t\t\t\t<img fetchpriority=\"high\" decoding=\"async\" width=\"510\" height=\"510\" src=\"https:\/\/www.comiclown.be\/wp-content\/uploads\/2021\/07\/cani-clown-photo.jpg\" class=\"attachment-large size-large wp-image-496\" alt=\"\" srcset=\"https:\/\/www.comiclown.be\/wp-content\/uploads\/2021\/07\/cani-clown-photo.jpg 510w, https:\/\/www.comiclown.be\/wp-content\/uploads\/2021\/07\/cani-clown-photo-300x300.jpg 300w, https:\/\/www.comiclown.be\/wp-content\/uploads\/2021\/07\/cani-clown-photo-150x150.jpg 150w\" sizes=\"(max-width: 510px) 100vw, 510px\" \/>\t\t\t\t\t\t\t\t\t\t\t\t\t<\/div>\n\t\t\t\t<\/div>\n\t\t\t\t\t<\/div>\n\t\t<\/div>\n\t\t\t\t\t<\/div>\n\t\t<\/section>\n\t\t\t\t<\/div>\n\t\t","protected":false},"excerpt":{"rendered":"<p>Cani-Clown Un tout nouveau projet ! Depuis P\u00e2ques 2005, Comi-Clown a mis sur pied un tout nouveau projet : une visite hebdomadaire, en service p\u00e9diatrie, d&#8217;un Clown accompagn\u00e9 de son chien. &#8220;Mouche&#8221; est notre premier Cani-Clown. C&#8217;est un chien crois\u00e9 labrador &#8211; griffon. Pourquoi un chien \u00e0 l&#8217;h\u00f4pital ? Comme tout le monde le sait,&hellip;&nbsp;<a href=\"https:\/\/www.comiclown.be\/?page_id=282\" class=\"\" rel=\"bookmark\">Lire la suite &raquo;<span class=\"screen-reader-text\">Cani-Clown<\/span><\/a><\/p>\n","protected":false},"author":1,"featured_media":0,"parent":0,"menu_order":0,"comment_status":"closed","ping_status":"closed","template":"page-templates\/template-pagebuilder-full-width.php","meta":{"neve_meta_sidebar":"full-width","neve_meta_container":"","neve_meta_enable_content_width":"on","neve_meta_content_width":100,"neve_meta_title_alignment":"","neve_meta_author_avatar":"","neve_post_elements_order":"","neve_meta_disable_header":"","neve_meta_disable_footer":"","neve_meta_disable_title":"","_ti_tpc_template_sync":false,"_ti_tpc_template_id":"","footnotes":""},"class_list":["post-282","page","type-page","status-publish","hentry"],"_links":{"self":[{"href":"https:\/\/www.comiclown.be\/index.php?rest_route=\/wp\/v2\/pages\/282","targetHints":{"allow":["GET"]}}],"collection":[{"href":"https:\/\/www.comiclown.be\/index.php?rest_route=\/wp\/v2\/pages"}],"about":[{"href":"https:\/\/www.comiclown.be\/index.php?rest_route=\/wp\/v2\/types\/page"}],"author":[{"embeddable":true,"href":"https:\/\/www.comiclown.be\/index.php?rest_route=\/wp\/v2\/users\/1"}],"replies":[{"embeddable":true,"href":"https:\/\/www.comiclown.be\/index.php?rest_route=%2Fwp%2Fv2%2Fcomments&post=282"}],"version-history":[{"count":5,"href":"https:\/\/www.comiclown.be\/index.php?rest_route=\/wp\/v2\/pages\/282\/revisions"}],"predecessor-version":[{"id":503,"href":"https:\/\/www.comiclown.be\/index.php?rest_route=\/wp\/v2\/pages\/282\/revisions\/503"}],"wp:attachment":[{"href":"https:\/\/www.comiclown.be\/index.php?rest_route=%2Fwp%2Fv2%2Fmedia&parent=282"}],"curies":[{"name":"wp","href":"https:\/\/api.w.org\/{rel}","templated":true}]}}